{"id":2934,"date":"2023-10-19T14:37:07","date_gmt":"2023-10-19T12:37:07","guid":{"rendered":"https:\/\/enportal.dev.lichtblick.io\/connect\/?page_id=2934"},"modified":"2025-09-02T11:02:05","modified_gmt":"2025-09-02T09:02:05","slug":"impressum-datenschutzerklaerung-linkedin","status":"publish","type":"page","link":"https:\/\/www.enportal.de\/connect\/impressum-datenschutzerklaerung-linkedin\/","title":{"rendered":"enPORTAL Impressum und Datenschutzerkl\u00e4rung f\u00fcr LinkedIn"},"content":{"rendered":"<p>&nbsp;<\/p>\n<div class=\"grid-container\">\n<div class=\"grid-x\">\n<div class=\"cell\">\n<div class=\"page-content\">\n<h1 class=\"page-title light\">Impressum<\/h1>\n<p><strong>enPORTAL GmbH<br \/>\n<\/strong>Gesch\u00e4ftsf\u00fchrung:<br \/>\nAssessor jur. Clemens Graf von Wedel<\/p>\n<p>Moordiek 1<br \/>\nD-23820 Pronstorf<\/p>\n<p>Tel.: +49 (0)40 \u2013 604 29 87-0<br \/>\nMail:\u00a0<a class=\"c-link\" href=\"mailto:info@enportal.de\" target=\"_blank\" rel=\"noopener noreferrer\" data-stringify-link=\"mailto:info@enportal.de\" data-sk=\"tooltip_parent\" aria-haspopup=\"menu\" aria-expanded=\"false\">info@enportal.de<\/a><br \/>\nURL:\u00a0<a class=\"c-link\" href=\"http:\/\/www.enportal.de\/\" target=\"_blank\" rel=\"noopener noreferrer\" data-stringify-link=\"http:\/\/www.enportal.de\" data-sk=\"tooltip_parent\">www.enportal.de<\/a><\/p>\n<p>Amtsgericht Kiel HRB 22593<br \/>\nSteuernummer.: 1129714369<br \/>\nUmsatzsteuer-Identifikationsnr.: DE260447746<br \/>\nBerufshaftpflichtversicherung:<br \/>\nHiscox AG,<br \/>\nOberanger 28,<br \/>\nD-80331 M\u00fcnchen<\/p>\n<\/div>\n<\/div>\n<\/div>\n<\/div>\n<p>&nbsp;<\/p>\n<h3><\/h3>\n<h2><strong>Datenschutzerkl\u00e4rung LinkedIn<\/strong><\/h2>\n<p>Verantwortliche Stellen:<\/p>\n<p>&nbsp;<\/p>\n<p>LinkedIn Ireland Unlimited Company<\/p>\n<p>Wilton Place<\/p>\n<p>Dublin 2<\/p>\n<p>Ireland<\/p>\n<p>&nbsp;<\/p>\n<p>und<\/p>\n<p>&nbsp;<\/p>\n<p>enPORTAL GmbH<\/p>\n<p>Moordiek 1<\/p>\n<p>23820 Pronstorf<\/p>\n<p>Deutschland<\/p>\n<p>info@enportal.de<\/p>\n<p>&nbsp;<\/p>\n<p>&nbsp;<\/p>\n<p><strong>Informationen \u00fcber die LinkedIn-Seite von: enPORTAL GmbH<\/strong><\/p>\n<p><strong>\u00a0<\/strong><\/p>\n<p>Wir greifen fu\u0308r den hier angebotenen Informationsdienst auf die technische Plattform und die Dienste der LinkedIn Ireland Unlimited Company zur\u00fcck.<\/p>\n<p>&nbsp;<\/p>\n<p>Wir weisen Sie darauf hin, dass Sie diese LinkedIn-Seite und ihre Funktionen in eigener Verantwortung nutzen. Dies gilt insbesondere f\u00fcr die Nutzung der interaktiven Funktionen (z.B. Kommentieren, Teilen, Bewerten). Alternativ k\u00f6nnen Sie die \u00fcber diese Seite angebotenen Informationen auch auf unserem Internet-Angebot unter www.enportal.de abrufen.<\/p>\n<p>Beim Besuch unserer LinkedIn-Seite erfasst LinkedIn u.a Ihre IP-Adresse sowie weitere Informationen, die in Form von Cookies auf Ihrem PC vorhanden sind. Diese Informationen werden verwendet, um uns als Betreiber der LinkedIn-Seiten statistische Informationen \u00fcber die Inanspruchnahme der LinkedIn-Seite zur Verf\u00fcgung zu stellen.<\/p>\n<p>Die in diesem Zusammenhang \u00fcber Sie erhobenen Daten werden von LinkedIn verarbeitet und dabei gegebenenfalls in L\u00e4nder au\u00dferhalb der Europ\u00e4ischen Union \u00fcbertragen. Welche Informationen LinkedIn erh\u00e4lt und wie diese verwendet werden, beschreibt LinkedIn in allgemeiner Form in seinen Datenverwendungsrichtlinien. Dort finden Sie auch Informationen \u00fcber Kontaktm\u00f6glichkeiten zu LinkedIn sowie zu den Einstellungsmo\u0308glichkeiten f\u00fcr Werbeanzeigen.<\/p>\n<p>&nbsp;<\/p>\n<p>Die vollst\u00e4ndigen Datenrichtlinien von LinkedIn finden Sie hier:<\/p>\n<ul>\n<li><a href=\"https:\/\/www.linkedin.com\/legal\/privacy-policy?trk=homepage-basic_footer-privacy-policy\" target=\"_blank\" rel=\"noopener\">https:\/\/www.linkedin.com\/legal\/privacy-policy?trk=homepage-basic_footer-privacy-policy<\/a><\/li>\n<\/ul>\n<p>&nbsp;<\/p>\n<p>In welcher Weise LinkedIn die Daten aus dem Besuch von LinkedIn-Seiten f\u00fcr eigene Zwecke verwendet, in welchem Umfang Aktivit\u00e4ten auf der LinkedIn-Seite einzelnen Nutzern zugeordnet werden, wie lange LinkedIn diese Daten speichert und ob Daten aus einem Besuch der LinkedIn-Seite an Dritte weitergegeben werden, wird von LinkedIn nicht abschlie\u00dfend und klar benannt und ist uns nicht bekannt.<\/p>\n<p>&nbsp;<\/p>\n<p>Beim Zugriff auf eine LinkedIn-Seite wird, die Ihrem Endger\u00e4te zugeteilte IP-Adresse an LinkedIn \u00fcbermittelt. LinkedIn speichert dar\u00fcber hinaus Informationen \u00fcber die Endger\u00e4te seiner Nutzer (z.B. im Rahmen der Funktion \u201eAnmeldebenachrichtigung\u201c); gegebenenfalls ist LinkedIn damit eine Zuordnung von IP-Adressen zu einzelnen Nutzern m\u00f6glich.<\/p>\n<p>Wenn Sie als Nutzerin oder Nutzer aktuell bei LinkedIn angemeldet sind, befindet sich auf Ihrem Endger\u00e4t ein Cookie mit Ihrer LinkedIn-Kennung. Dadurch ist LinkedIn in der Lage nachzuvollziehen, dass Sie diese Seite aufgesucht und wie Sie sie genutzt haben.<\/p>\n<p>&nbsp;<\/p>\n<p>Informationen dazu, wie Sie \u00fcber Sie vorhandene Informationen verwalten oder l\u00f6schen k\u00f6nnen, finden Sie auf folgenden LinkedIn Support-Seiten:<\/p>\n<ul>\n<li><a href=\"https:\/\/www.linkedin.com\/help\/linkedin?lang=de&amp;trk=homepage-basic_directory_helpCenterUrl\" target=\"_blank\" rel=\"noopener\">https:\/\/www.linkedin.com\/help\/linkedin?lang=de&amp;trk=homepage-basic_directory_helpCenterUrl<\/a><\/li>\n<\/ul>\n<p>&nbsp;<\/p>\n<p>Dar\u00fcber hinaus erheben wir, im Zuge der Nutzung der <strong>Bewerbungsfunktion<\/strong>, diverse personenbezogene Daten durch den Bewerbungsprozess.\u202fPersonenbezogene Daten sind s\u00e4mtliche Informationen, aus denen R\u00fcckschl\u00fcsse \u00fcber Ihre pers\u00f6nlichen oder sachlichen Verh\u00e4ltnisse gezogen werden k\u00f6nnen oder die Sie identifizierbar machen. F\u00fcr die Verarbeitung Ihrer Bewerbung werden folgende Daten erhoben und verarbeitet:<\/p>\n<ul>\n<li>Vorname, Nachname, Anschrift, E-Mail, Geburtsdatum, Anrede, Telefonnummer, Aufenthaltsland und Staatsb\u00fcrgerschaft<\/li>\n<li>Von der jeweiligen Ausschreibung abh\u00e4ngige Zusatzfragen (z.B. F\u00fchrerschein)<\/li>\n<li>Lebenslauf, insbesondere Angaben zu Berufserfahrung und Ausbildung<\/li>\n<li>Kompetenzen und Kenntnisse f\u00fcr die ausgeschriebene Stelle<\/li>\n<li>Bewerbungsfoto<\/li>\n<li>Qualifikationen, Auszeichnungen und Sprachf\u00e4higkeiten<\/li>\n<li>Motivationsschreiben<\/li>\n<li>Dateien und Dokumente, die Sie uns im Zusammenhang mit Ihrer Bewerbung \u00fcbersenden oder hochladen m\u00f6chten<\/li>\n<\/ul>\n<p>Bei \u00dcbermittlung der Bewerberdaten geben Sie als Bewerber\/-in Ihr Einverst\u00e4ndnis zur Verarbeitung der personenbezogenen Daten zum Zweck des in dieser Datenschutzerkl\u00e4rung dargelegten Umfanges.<\/p>\n<p>Es werden zur Bearbeitung Ihrer Bewerbung keine Informationen ben\u00f6tigt, die nicht nach dem allgemeinen Gleichbehandlungsgesetz verarbeitet werden d\u00fcrfen (dies betrifft unter anderem Rasse, ethnische Herkunft, Geschlecht, Behinderung, Religion und Weltanschauung oder das Alter). Wir bitten Sie, s\u00e4mtliche Angaben, die durch das Gleichbehandlungsgesetz irrelevant zur Bearbeitung Ihrer Bewerbung sind, nicht mitzu\u00fcbermitteln (u.a. Krankheiten, Schwangerschaft, Mitgliedschaft in einer Gewerkschaft und Sexualleben).<\/p>\n<p>Bitte \u00fcbermitteln Sie keine Inhalte, die z.B. Urheberrechte oder das Presserecht Dritter verletzen k\u00f6nnten.<\/p>\n<p>&nbsp;<\/p>\n<p>Rechtsgrundlage f\u00fcr die Verarbeitung Ihrer personenbezogenen Daten in diesem Zusammenhang ist Art. 6 Abs. 1 lit. f) DS-GVO, unser berechtigtes Interesse an der Durchf\u00fchrung von Bewerbungen, sowie Art. 6 Abs. 1 lit. b), Art. 88 Abs. 1 DS-GVO i. V. m. \u00a7 26 Abs. 1 BDSG (neu).<\/p>\n<p>Ihre Bewerbungsmail und die gesendeten Bewerbungsunterlagen werden von uns 6 Monate aufbewahrt (AGG). Nach Ablauf dieser Frist werden Ihre Unterlagen datenschutzkonform gel\u00f6scht, au\u00dfer Sie erteilen uns Ihre Einwilligung f\u00fcr eine Speicherung f\u00fcr unseren Bewerberpool. Daraufhin erfolgt die Speicherung f\u00fcr 1 Jahr.<\/p>\n<p>&nbsp;<\/p>\n<p>Diese Datenschutzerkla\u0308rung finden Sie in der jeweils geltenden Fassung unter dem Punkt \u201eDatenschutz\u201c auf unserer LinkedIn-Seite.<\/p>\n<p>&nbsp;<\/p>\n<p>Bei Fragen zu unserem Informationsangebot k\u00f6nnen Sie uns telefonisch unter 040-6042987-0 oder per E-Mail an <a href=\"mailto:info@enportal.de\">info@enportal.de<\/a> erreichen.<\/p>\n<p>&nbsp;<\/p>\n<p>Die Vereinbarung zur gemeinsamen Verantwortung nach Art. 26 DSGVO (Stand 2023) mit LinkedIn finden Sie unter: <a href=\"https:\/\/legal.linkedin.com\/pages-joint-controller-addendum\" target=\"_blank\" rel=\"noopener\">https:\/\/legal.linkedin.com\/pages-joint-controller-addendum<\/a><\/p>\n<p>&nbsp;<\/p>\n<p><strong>Welche Datenschutzrechte habe ich?<\/strong><\/p>\n<p><strong>\u00a0<\/strong><\/p>\n<p>Sie haben jederzeit ein Recht auf Auskunft, Berichtigung, L\u00f6schung oder Einschr\u00e4nkung der Verarbeitung Ihrer gespeicherten Daten, ein Widerspruchsrecht gegen die Verarbeitung sowie ein Recht auf Daten\u00fcbertragbarkeit und auf Beschwerde gem\u00e4\u00df den Voraussetzungen des Datenschutzrechts.<\/p>\n<p>&nbsp;<\/p>\n<p><strong>Recht auf Auskunft:<\/strong><\/p>\n<p>Sie k\u00f6nnen von uns eine Auskunft verlangen, ob und in welchem Ausma\u00df wir Ihre Daten verarbeiten.<\/p>\n<p><strong>Recht auf Berichtigung:<\/strong><\/p>\n<p>Verarbeiten wir Ihre Daten, die unvollst\u00e4ndig oder unrichtig sind, so k\u00f6nnen Sie jederzeit deren Berichtigung bzw. deren Vervollst\u00e4ndigung von uns verlangen.<\/p>\n<p><strong>Recht auf L\u00f6schung:<\/strong><\/p>\n<p>Sie k\u00f6nnen von uns die L\u00f6schung Ihrer Daten verlangen, sofern wir diese unrechtm\u00e4\u00dfig verarbeiten oder die Verarbeitung unverh\u00e4ltnism\u00e4\u00dfig in Ihre berechtigten Schutzinteressen eingreift. Bitte beachten Sie, dass es Gr\u00fcnde geben kann, die einer sofortigen L\u00f6schung entgegenstehen, z.B. im Fall von gesetzlich geregelten Aufbewahrungspflichten.<\/p>\n<p>Unabh\u00e4ngig von der Wahrnehmung Ihres Rechts auf L\u00f6schung, werden wir Ihre Daten umgehend und vollst\u00e4ndig l\u00f6schen, soweit keine diesbez\u00fcgliche rechtsgesch\u00e4ftliche oder gesetzliche Aufbewahrungspflicht entgegensteht.<\/p>\n<p><strong>Recht auf Einschr\u00e4nkung der Verarbeitung:<\/strong><\/p>\n<p>Sie k\u00f6nnen von uns die Einschr\u00e4nkung der Verarbeitung Ihrer Daten verlangen, wenn<\/p>\n<p>&#8211;\u00a0\u00a0\u00a0\u00a0\u00a0\u00a0\u00a0\u00a0\u00a0\u00a0\u00a0\u00a0\u00a0 Sie die Richtigkeit der Daten bestreiten, und zwar f\u00fcr eine Dauer, die es uns erm\u00f6glicht, die Richtigkeit der Daten zu \u00fcberpr\u00fcfen.<\/p>\n<p>&#8211;\u00a0\u00a0\u00a0\u00a0\u00a0\u00a0\u00a0\u00a0\u00a0\u00a0\u00a0\u00a0\u00a0 die Verarbeitung der Daten unrechtm\u00e4\u00dfig ist, Sie aber eine L\u00f6schung ablehnen und stattdessen eine Einschr\u00e4nkung der Datennutzung verlangen,<\/p>\n<p>&#8211;\u00a0\u00a0\u00a0\u00a0\u00a0\u00a0\u00a0\u00a0\u00a0\u00a0\u00a0\u00a0\u00a0 wir die Daten f\u00fcr den vorgesehenen Zweck nicht mehr ben\u00f6tigen, Sie diese Daten aber noch zur Geltendmachung oder Verteidigung von Rechtsanspr\u00fcchen brauchen, oder<\/p>\n<p>&#8211;\u00a0\u00a0\u00a0\u00a0\u00a0\u00a0\u00a0\u00a0\u00a0\u00a0\u00a0\u00a0\u00a0 Sie Widerspruch gegen die Verarbeitung der Daten eingelegt haben.<\/p>\n<p><strong>Widerspruchsrecht:<\/strong><\/p>\n<p>Verarbeiten wir Ihre Daten aufgrund berechtigten Interesses, so k\u00f6nnen Sie diese jederzeit widerrufen; dies w\u00fcrde auch f\u00fcr ein auf diese Bestimmungen gest\u00fctztes Profiling gelten. Wir verarbeiten dann Ihre Daten nicht mehr, es sei denn, wir k\u00f6nnen zwingende schutzw\u00fcrdige Gr\u00fcnde f\u00fcr die Verarbeitung nachweisen, die Ihre Interessen, Rechte und Freiheiten \u00fcberwiegen oder die Verarbeitung dient der Geltendmachung, Aus\u00fcbung oder Verteidigung von Rechtsanspr\u00fcchen. Der Verarbeitung Ihrer Daten zum Zweck der Direktwerbung k\u00f6nnen Sie jederzeit ohne Angabe von Gr\u00fcnden widersprechen.<\/p>\n<p><strong>Recht auf Daten\u00fcbertragbarkeit:<\/strong><\/p>\n<p>Sie k\u00f6nnen von uns verlangen, dass wir Ihnen Ihre Daten, die Sie uns bereitgestellt haben, in einem strukturierten, g\u00e4ngigen und maschinenlesbaren Format zur Verf\u00fcgung stellen und dass Sie diese Daten einem anderen Verantwortlichen ohne Behinderung durch uns \u00fcbermitteln k\u00f6nnen, sofern<\/p>\n<p>&#8211;\u00a0\u00a0\u00a0\u00a0\u00a0\u00a0\u00a0\u00a0\u00a0\u00a0\u00a0\u00a0\u00a0 wir diese Daten aufgrund einer von Ihnen erteilten und widerrufbaren Zustimmung oder zur Erf\u00fcllung eines Vertrages zwischen uns verarbeiten, und<\/p>\n<p>&#8211;\u00a0\u00a0\u00a0\u00a0\u00a0\u00a0\u00a0\u00a0\u00a0\u00a0\u00a0\u00a0\u00a0 diese Verarbeitung mithilfe automatisierter Verfahren erfolgt.<\/p>\n<p>Bei technischer Machbarkeit k\u00f6nnen Sie von uns eine direkte \u00dcbermittlung Ihrer Daten an einen anderen Verantwortlichen verlangen.<\/p>\n<p><strong>Beschwerderecht:<\/strong><\/p>\n<p>Sind Sie der Meinung, dass wir bei der Verarbeitung Ihrer Daten gegen deutsches oder europ\u00e4isches Datenschutzrecht versto\u00dfen, so bitten wir Sie, mit uns Kontakt aufzunehmen, um Fragen aufkl\u00e4ren zu k\u00f6nnen. Sie haben selbstverst\u00e4ndlich auch das Recht, sich an die f\u00fcr Sie zust\u00e4ndige Aufsichtsbeh\u00f6rde, das jeweilige Landesamt f\u00fcr Datenschutzaufsicht, zu wenden.<\/p>\n<p>Sofern Sie eines der genannten Rechte uns gegen\u00fcber geltend machen wollen, so wenden Sie sich bitte an unseren Datenschutzbeauftragten. Im Zweifel k\u00f6nnen wir zus\u00e4tzliche Informationen zur Best\u00e4tigung Ihrer Identit\u00e4t anfordern.<\/p>\n<p><strong>Widerrufsrecht der Einwilligung<\/strong><\/p>\n<p>Verarbeiten wir Ihre Daten aufgrund einer Einwilligung, so k\u00f6nnen Sie diese jederzeit widerrufen, ohne dass die Rechtm\u00e4\u00dfigkeit, der aufgrund der Einwilligung bis zum Widerruf erfolgten Verarbeitung ber\u00fchrt wird.<\/p>\n<p><strong>Automatisierte Entscheidung in Einzelfall einschlie\u00dflich Profiling<\/strong><\/p>\n<p>&nbsp;<\/p>\n<p>&nbsp;<\/p>\n<p>F\u00fcr die Umsetzung dieser Rechte gem\u00e4\u00df Artikel 15-20 der DSGVO hinsichtlich der von LinkedIn nach der gemeinsamen Verarbeitung gespeicherten Daten, ist allein LinkedIn Ireland Unlimited Company zust\u00e4ndig. Ein Widerspruchs- und Beschwerderecht, wie hier\u00fcber beschrieben, haben Sie auch uns gegen\u00fcber.<\/p>\n<p>&nbsp;<\/p>\n<p>Sollten Sie dabei Unterst\u00fctzung ben\u00f6tigen oder anderweitige Fragen haben, dann kontaktieren Sie uns gerne telefonisch unter 040-6042987-0 oder per E-Mail an info@enportal.de. Wenn Sie die hier beschriebenen Datenverarbeitungen zuk\u00fcnftig nicht mehr w\u00fcnschen, dann heben Sie bitte durch Nutzung der Funktionen \u201eDiese Seite gef\u00e4llt mir nicht mehr\u201c und\/oder \u201eDiese Seite nicht mehr abonnieren\u201c die Verbindung Ihres Benutzer-Profils zu unserer Seite auf.<\/p>\n<p>&nbsp;<\/p>\n<p>Haben Sie fragen zum Datenschutz so k\u00f6nnen Sie sich auch gerne an unserer Datenschutzbeauftragten wenden, unter:<\/p>\n<p>&nbsp;<\/p>\n<p>Richard S\u00f6ldner<\/p>\n<p>RSCF GmbH<\/p>\n<p>Sarmanna-Stra\u00dfe 1<\/p>\n<p>93049 Regensburg<\/p>\n<p>E-Mail: <a href=\"mailto:info@rscf.de\">info@rscf.de<\/a><\/p>\n<p>Tel.: +49 (0)941-850 992 00<\/p>\n<p>&nbsp;<\/p>\n<p>&nbsp;<\/p>\n<p>&nbsp;<\/p>\n<p>&nbsp;<\/p>\n","protected":false},"excerpt":{"rendered":"<p>&nbsp; Impressum enPORTAL GmbH Gesch\u00e4ftsf\u00fchrung: Assessor jur. Clemens Graf von Wedel Moordiek 1 D-23820 Pronstorf Tel.: +49 (0)40 \u2013 604 29 87-0 Mail:\u00a0info@enportal.de URL:\u00a0www.enportal.de Amtsgericht Kiel HRB 22593 Steuernummer.: 1129714369 Umsatzsteuer-Identifikationsnr.: DE260447746 Berufshaftpflichtversicherung: Hiscox AG, Oberanger 28, D-80331 M\u00fcnchen &nbsp; Datenschutzerkl\u00e4rung LinkedIn Verantwortliche Stellen: &nbsp; LinkedIn Ireland Unlimited Company Wilton Place Dublin 2 Ireland &nbsp; [&hellip;]<\/p>\n","protected":false},"author":5,"featured_media":0,"parent":0,"menu_order":0,"comment_status":"closed","ping_status":"closed","template":"templates\/template-privacy.php","meta":{"_acf_changed":false,"inline_featured_image":false,"footnotes":""},"class_list":["post-2934","page","type-page","status-publish","hentry"],"acf":[],"_links":{"self":[{"href":"https:\/\/www.enportal.de\/connect\/wp-json\/wp\/v2\/pages\/2934","targetHints":{"allow":["GET"]}}],"collection":[{"href":"https:\/\/www.enportal.de\/connect\/wp-json\/wp\/v2\/pages"}],"about":[{"href":"https:\/\/www.enportal.de\/connect\/wp-json\/wp\/v2\/types\/page"}],"author":[{"embeddable":true,"href":"https:\/\/www.enportal.de\/connect\/wp-json\/wp\/v2\/users\/5"}],"replies":[{"embeddable":true,"href":"https:\/\/www.enportal.de\/connect\/wp-json\/wp\/v2\/comments?post=2934"}],"version-history":[{"count":3,"href":"https:\/\/www.enportal.de\/connect\/wp-json\/wp\/v2\/pages\/2934\/revisions"}],"predecessor-version":[{"id":5722,"href":"https:\/\/www.enportal.de\/connect\/wp-json\/wp\/v2\/pages\/2934\/revisions\/5722"}],"wp:attachment":[{"href":"https:\/\/www.enportal.de\/connect\/wp-json\/wp\/v2\/media?parent=2934"}],"curies":[{"name":"wp","href":"https:\/\/api.w.org\/{rel}","templated":true}]}}